80 = 46*r - 56*r. Suppose 225 = z + 3*g + 17, 4*g + r = z. What is the hundreds digit of z?
2
Let g = -71 - 29. What is the hundreds digit of 4/10 - 73160/g?
7
Let g = -40399 + 65638. What is the hundreds digit of g?
2
Suppose -27691 = -8*g + 82045. What is the hundreds digit of g?
7
Suppose -3 = 2*y - 3*y. Suppose -y*b = 4*b - 672. Let n = b + -18. What is the units digit of n?
8
Suppose 4*o - 4*z - 8 = 0, 2 = o - 4*z + 12. Suppose -q = 4*v - 130, v = q + o*v - 127. What is the hundreds digit of q?
1
Let o(p) be the first derivative of -23*p**2/2 - 8*p - 1. Suppose 29*s = -23*s - 208. What is the units digit of o(s)?
4
What is the tens digit of 384251/7 - -8 - (0 + 3)?
9
Let w be ((-274)/(-8))/(2/8). Let y be (-59 + 80)/(3/(-9)). Let s = w + y. What is the units digit of s?
4
Let p be 392 - -7*8/28. Let y(v) = 2*v**2 - 2*v - 1. Let c be y(2). Suppose 0 = d + c*o - 4*o - 199, o + p = 2*d. What is the tens digit of d?
9
Suppose 12*o + 19 + 17 = 0. What is the units digit of -72*(5 - (-31)/o)?
4
Suppose -r + 31*k - 33*k + 8792 = 0, 2*r - 3*k = 17528. What is the thousands digit of r?
8
Let q be (-20 + 19)*(-1 + 1). Suppose -16*y + 478 + 98 = q. What is the tens digit of y?
3
Let r(c) = -3*c**3 - 54*c**2 + 2*c - 86. What is the units digit of r(-22)?
8
Let b(n) = -2*n**3 - 27*n**2 - 255*n - 19. What is the thousands digit of b(-15)?
4
Suppose -2*d + 229 = -17. Let j = -30 + d. What is the tens digit of j - (-2 + (4 - 0))?
9
Suppose -5*i = -8*i - z + 32042, 3*i = 5*z + 32030. What is the ten thousands digit of i?
1
Suppose -6117 + 27669 = 16*r. Suppose r = u + 360. What is the hundreds digit of u?
9
Suppose -5*g - 331585 = -5*l, -273*l - g + 265298 = -269*l. What is the tens digit of l?
2
Let l(o) = -7*o**3 - 4*o**2 + 14*o + 28. Let h = 201 - 206. What is the tens digit of l(h)?
3
Suppose -6*r + 17645 = 7*r - 23487. What is the hundreds digit of r?
1
Suppose -638*h = -556*h - 82. Suppose -t - 4 = -5*g + 18, 3*g = t + 12. What is the units digit of 2 - ((-48)/h - t)?
3
What is the thousands digit of (-6655)/847 - (-6)/7 - -62405?
2
Let n = -415 + 418. Let m(c) = 88*c - 1. Let q be m(1). Suppose 0 = -n*r + q + 12. What is the tens digit of r?
3
Suppose -2*w = z - 395, -2*w - 5*z = 74 - 489. Suppose 2*g = 113 + w. What is the tens digit of g?
5
What is the units digit of -12 + 4 + (-23 - -10902)?
1
Suppose -4*s = -2*n - 0*s + 100, -3*n + 140 = 4*s. Suppose n = v + v. What is the units digit of ((-356)/v)/((-3)/18)?
9
Suppose -21*j + 19*j = -2*r - 1646, -2465 = -3*j + r. What is the tens digit of j?
2
Let p(q) = 16*q**3 + 3*q**2 - 81*q - 23. What is the hundreds digit of p(10)?
4
What is the tens digit of 18 + (-21 + -263)*-113?
1
Suppose -3*z - 4*g + 37059 = 0, -3*z - 35*g + 37053 = -33*g. What is the thousands digit of z?
2
Let z(w) = -10 + 9 + 2 + 15*w. Suppose 0 = 9*d + 20 - 110. What is the units digit of z(d)?
1
Suppose 4 + 2 = 3*i. Suppose -h = -4*h - i*z + 1029, -z - 1715 = -5*h. Suppose -9*j + h = -2*j. What is the units digit of j?
9
What is the tens digit of 49621563/1412*4/3?
5
Suppose -4*j + m = -16466, 5*j - 8137 = -2*m + 12426. What is the units digit of j?
5
Suppose -4*g = 6*z - 2*z + 8, -3*z + 4*g + 8 = 0. Suppose 2*l - h - 170 = 701, -5*l + h + 2176 = z. What is the tens digit of l?
3
Let r(l) = l**3 + 8*l**2 - 17*l - 5. Let y = -23 - -13. Let b be r(y). What is the tens digit of (-6765)/b - 4/14?
9
Suppose 606331 + 1140560 = 119*u - 192571. What is the units digit of u?
8
Let q(a) = -302*a + 1037. What is the ten thousands digit of q(-35)?
1
Let t(u) = -22 + 20 + 353*u**3 - 2*u + 0*u**2 - u**2 + 4*u. What is the units digit of t(1)?
2
Let n = -102 + 154. Suppose -n = -i - t, 6*i - 2*i - 3*t - 194 = 0. Let j = i + 107. What is the tens digit of j?
5
Suppose 0 = -18*o - 17*o + 244965. What is the thousands digit of o?
6
Suppose -164*a - 6 = -158*a. Let t = -9 - -8. What is the units digit of a/((-2 - t)/35)?
5
Suppose 6*h - 8885 = -2669. What is the hundreds digit of h?
0
Let b = 3 + -1. Suppose -5*z + 2*y + 18 = -8*z, -2*z - 4*y - 28 = 0. What is the units digit of (b/(10/15))/(z/(-158))?
7
Let q be (6/15)/(4/(-480)). Let w(l) = -13*l + 6. What is the hundreds digit of w(q)?
6
Suppose -2*q + 5 = 11. Let k be q/(-3)*(42 + 3). Suppose -4*y + k = -r + 245, 0 = -4*r - 3*y + 819. What is the units digit of r?
4
Let o be 4 - ((-204)/(-51) + (-1)/1). Let i = 10 + -4. What is the units digit of o/(-3) + i/(-9) - -67?
6
Let p(n) = -n**2 + 3*n + 231. Let i be 10/(-20) - (-1 + (-2)/(-4)). What is the tens digit of p(i)?
3
Suppose 3*g = -3*n - 2*g - 7, 0 = -2*n - 4*g - 8. Suppose -4*d - 7 = 3*m, 4*m + n = -0*d - 2*d. What is the tens digit of 1014/12 + d/(-2)?
8
Suppose -1263 = 4*y - 3999. Let n = -351 + y. What is the hundreds digit of n?
3
Let w(k) = -782*k + 2222. What is the tens digit of w(-19)?
8
Let z(l) = -l**2 + 17*l. Let j be z(17). Suppose j = t - 207 + 55. Suppose 5*q + t = 3*f - 38, -3*f - 4*q + 172 = 0. What is the units digit of f?
0
Let y(n) = n**2 + 16*n - 26. Let x be y(-18). Let a = 40 - x. Suppose 4*b - b = a. What is the units digit of b?
0
Let l(j) = -8*j + 6. Let u be ((-6)/9)/(-1 + (-35)/(-33)). What is the units digit of l(u)?
4
Suppose 4*z + t = 2468, 2*t = -115*z + 112*z + 1856. What is the tens digit of z?
1
Let z = 174 - -2604. What is the tens digit of z?
7
Let b(z) = -3*z - 7. Let v = -26 - -21. Let g be b(v). What is the units digit of ((-14)/g)/1*-4?
7
Let i = -468 + 678. Let b = i - -164. What is the tens digit of b?
7
Let h = -1387 - -2386. What is the hundreds digit of h?
9
Suppose -118*w + 154154 + 715689 = -359009. What is the units digit of w?
4
Let d(a) = 43*a + 1. Let n(y) = -y. Let o(w) = -d(w) - 4*n(w). Let c = -50 + 47. What is the tens digit of o(c)?
1
Let t = 201 + -196. Suppose t*g = 560 + 1500. What is the units digit of g?
2
Let k be 4/(-2) - (28 + -31). Suppose 0 = 2*r - 138 + 46. Let o = r + k. What is the units digit of o?
7
Let c be ((-1846)/(-6))/(((-150)/(-36))/25). Suppose 4*v - 1876 = 4*q, 25*q - 23*q - c = -4*v. What is the hundreds digit of v?
4
Suppose -27256 = -6*o + 14*o. What is the units digit of (-5)/(-4) + (o/(-4) - -3)?
6
Suppose -6 = -i + 3*c, -6*i + 13 = -2*i - c. Suppose -6*x + 27 = -i. Suppose -x*o = 3*h - 200, -3*h + 4*o = -0*o - 245. What is the units digit of h?
5
Let n = -185 - -188. Suppose 0 = 3*v + 9, n*v + 214 = m - 48. What is the tens digit of m?
5
Suppose -71*q = -77*q + 12. Suppose 3*j = -o - 3*o + 1011, -1006 = -4*o + q*j. What is the hundreds digit of o?
2
What is the hundreds digit of (1 + 37074 - (-77 - -85)) + 2?
0
What is the thousands digit of 6344 + -5 + -1 - (16 - 15)?
6
Let i be 15728/(-24) + 20/(-12). Let h = i + 910. What is the hundreds digit of h?
2
Let c(g) = 1103*g - 352. What is the tens digit of c(6)?
6
Let s = 535 - 301. Suppose 668 = 2*m + 2*v, 1412 + s = 5*m - 3*v. What is the hundreds digit of m?
3
Let x(u) = 16*u + 15. Let f be x(0). What is the units digit of (-5)/f*51*-42?
4
Let l be ((-9)/(-6))/(3/676). Let c(b) = b**3 + 21*b**2 - 109*b + 8. Let h be c(-25). Let z = l - h. What is the tens digit of z?
0
Let p = 149 + -152. Let u(k) = k**3 + 4*k**2 + 3*k. Let m be u(p). Suppose -2*s + 3*v + 2*v + 106 = m, -3*v = -4*s + 198. What is the tens digit of s?
4
Let z(l) = -l**3 - 94*l**2 - 71*l - 2919. What is the units digit of z(-99)?
5
Let l = -518 + 522. Suppose -b = l*r - 2*r - 1261, -5*b = -5*r - 6335. What is the hundreds digit of b?
2
Let a(y) = 169*y**2 + 44*y + 284. What is the ten thousands digit of a(-8)?
1
Let v(g) be the third derivative of 5*g**4/4 + 119*g**3/6 - 54*g**2. What is the units digit of v(8)?
9
Suppose 13*n - 99 = 10*n. Let m = -69 + n. Let o = 209 + m. What is the tens digit of o?
7
Suppose -s = 4*q - 63, 0 = -2*s + q - 0*q + 135. Let a = 301 + s. What is the units digit of 4/6 + a/6?
2
Suppose -9*b + 2026 + 2348 = 0. Suppose 11*f - b - 174 = 0. Suppose -3*j + f = -285. What is the units digit of j?
5
Suppose 0 = -3*t - 5*r - 5, -r = -t + 4*t - 11. Let n be 5/(60/3837) + (-2)/(-8). Suppose -n = -5*s + t*h, -48 = -s - h + 6*h. What is the tens digit of s?
6
Suppose 2*l + 4*x - 20704 = 0, -5*l - 7*x + 51802 = -4*x. What is the hundreds digit of l?
3
Suppose 4*x - 132*x + 317824 = 0. What is the hundreds digit of x?
